+ 58?
114
Calculate (-66 - -114) + -36 - (40 - 1).
-27
(-264 - -223) + (11 - 6)
-36
Evaluate -8 - (20 + -44) - (10 + 58).
-52
Calculate -8 + 9 + 33 - (-10 + (8 - -6)).
30
Calculate -5 + (12 - 10 - -8).
5
-82 + (13 + -24 - -1) + 19
-73
What is -7 + 2 + -1 - (64 + (25 - 10) - -7)?
-92
Evaluate -23 - ((-109 - -59) + 125).
-98
(-49 - 4 - 30) + 5 - 36
-114
Evaluate 30 + -5 + (-162 - -97) + 5.
-35
63 + -7 + (2 - (-1 - -14) - (-15 - -8))
52
Calculate 27 + -25 - (1 + 62) - ((-22 - -21) + -4).
-56
What is the value of (62 - (-2 + (5 - -2))) + 3 + (60 - 61)?
59
What is (109 - -1) + -2087 + 2067?
90
What is the value of (-3 - -3 - -7) + (73 - 63) - (-27 - -31)?
13
Calculate (-1 - (81 + 1)) + (147 - 65) + -70.
-71
-15 + (-1 - -1) + 64 + -51 - (-56 + 3)
51
Evaluate (22 - ((5 - 11) + 13) - 25) + 10.
0
Evaluate 62 + -18 + -312 + 217.
-51
(20 - (-14 - -8)) + (-1 - (-13 - -10)) - 6
22
What is the value of -153 + 117 - (0 + -7 + (1 - -1) + 0)?
-31
Evaluate -4 - (-25 + 6 + -5 + 8).
12
What is the value of (56 - (1 + -1)) + (-27 + (18 - 19) - -28)?
56
Evaluate (-15 - -18) + 10 + -23 - (2 + -3 - 9).
0
What is (-8 - 1) + 4 - ((12 - 3) + 2 + -65)?
49
Calculate 64 - 124 - -109 - (128 - 0).
-79
Calculate (-8 - (16 + (-1 - -3))) + 9 + 6.
-11
What is the value of 7 + 30 - 3 - 27?
7
What is the value of (-2 - (5 + -5)) + (-22 - -24 - 11)?
-11
What is 18 + -32 + 14 - (8 + (8 - 2 - -22))?
-36
What is the value of (-23 - -2) + (-5 - -44) + -10?
8
Calculate 2 + (-8 - 23 - -24) - 50.
-55
What is 23 + -19 + -12 + 22 - (2 + 58)?
-46
Evaluate -18 - (-7 + -16 + 42 + -36).
-1
What is (68 - 72) + (8 - 2) + 51?
53
What is -213 - -164 - (2 - 57)?
6
What is the value of -17 + (46 + (5 - 21) - -2) + 54?
69
What is -17 - 1 - 23 - -23?
-18
What is 29 + (-17 - -40 - 30) + (4 - 1)?
25
Calculate 2 + -13 + -51 + (-11 - -12 - -13).
-48
Calculate (28 - 7) + -32 + 32 - 5.
16
What is the value of 95 - ((15 - (-31 - -61)) + 47)?
63
-1 + -70 + -2 + -35 + (-11 - -33) + 18
-68
Calculate 2 + 6 + (-45 - -49) + 7 + -62.
-43
Calculate (14 - -5) + -21 + 3 + 6 + (10 - 1).
16
Evaluate -8 + (-11 + 28 - 4) + (6 - 11 - 94).
-94
Calculate -15 + 4 + (-31 - -53).
11
What is -37 + (63 - (7 + 31))?
-12
What is the value of -2 - 0 - -15 - (-49 - -2 - -62) - -124?
122
Evaluate (30 - -1) + (747 - 762) - -56.
72
Calculate (-12 - 32) + 20 - (14 + 4 - 8).
-34
What is the value of (15 - (21 - (-11 - 22))) + 10?
-29
Evaluate 84 + (163 - 161) + -14 + (13 - (1 - 1)).
85
What is the value of 16 - 1 - (-2387 - -2372)?
30
Evaluate 4 + -17 + 34 + -30 + 18.
9
What is the value of -11 + (-28 - -49) + -33 + 56?
33
Evaluate 6 + -846 + 863 + (-38 - 0).
-15
Evaluate 91 + 18 + 7 + 4.
120
Evaluate 26 + (-114 - (-82 - -38)).
-44
(333 - 381) + 192 + 5 + -1
148
What is 51 + (47 - 23) + (13 - -5)?
93
What is (47 - 163 - -88) + -12 + -6?
-46
-76 - (3 + -15 + 9 + -3 + 19) - 3
-92
Calculate (37 - -11) + (45 - 105).
-12
Evaluate -1 - -1 - (-19 - -10 - (-8 + (8 - 19))).
-10
What is the value of (-10 + 4 + -1 - (129 - 26)) + 5?
-105
Evaluate -106 - (-42 + 32) - (-9 + -31).
-56
What is the value of (-23 - -1) + 57 + 2 - 24?
13
Evaluate 20 + (35 - 15 - 11) + 4 + 1.
34
What is the value of 150 + -152 - (14 + 3) - (12 + 5)?
-36
(-20 - 3 - -57) + 2
36
-86 - (47 - 101 - -1)
-33
What is (-9 - (71 - (-11 - -2))) + -34 + 19?
-104
What is the value of 1 - (-32 + 46 + -27 + -56)?
70
What is the value of (-43 - 16) + 38 - (-31 + -3)?
13
Calculate (3 - -11) + 30 + -20 + -2 + 24.
46
Evaluate -124 + 20 + 47 + -6.
-63
36 + -8 - (-20 - 5 - (28 + -40) - 2)
43
86 + 127 + -149 - 51
13
What is the value of 14 + (-40 - -3) - ((-7 - -19) + -3)?
-32
Calculate (56 - 12) + -2 + 106 + -96.
52
What is the value of (4 + -2 - -3) + (-25 + (9 - 2) - -9)?
-4
10 - (-64 + 29 + -10 + 35 + -70)
90
Evaluate 56 + (-226 - -51 - -47).
-72
What is the value of 79 + -9 - (-31 - -50 - (5 + -2))?
54
What is the value of -17 - (18 + 3 + -14 + 3)?
-27
-14 + (34 + (-8 - -20 - 8) - 2)
22
Evaluate 34 + -43 + (69 - 25).
35
Evaluate (-9 + (-1 - -2) - -59) + (17 - 10 - 9).
49
Evaluate (64 + -31 + -17 - (0 + 7)) + -96.
-87
Calculate -24 + (88 - (-24 + 44)).
44
-99 + 97 + 6 + -3 + 2 + 18
21
What is the value of 24 - (74 - 39) - -32?
21
Calculate (-81 - (-48 + -36)) + 1 + -113.
-109
Calculate 50 + 29 + -22 + -94.
-37
What is the value of (-2 - (-66 - -36)) + -16?
12
1098 + -1021 + (-1 - 40)
36
Calculate 30 + -12 + 162 + -237.
-57
(8 - 17 - 41) + 16 - -15
-19
What is the value of 1 - ((6 - ((2 + 6 - 0) + -10)) + -66)?
59
72 + (14 - (18 - ((33 - 16) + -22)))
63
What is the value of -2 + 10 + -8 + -2 + 50 + -3?
45
Evaluate -58 + -23 + (13 - -46).
-22
What is the value of (39 + -42 - (31 + -3)) + 57?
26
What is -3 + ((-5 - -3) + -28 - (-30 + 14 + 10))?
-27
Calculate (30 - (1 - 4)) + (62 + -35 + -3 - 28).
29
What is 53 - (-157 + 60 + 148)?
2
What is (10 + -8 - -24) + (118 - 134)?
10
What is (-13 + 7 - (-10 - -10 - -11)) + 9?
-8
Calculate 9 - (-44 - ((48 - 92 - -36) + (0 - -7))).
52
What is 17 + (-33 - -43) - (4 - 68)?
91
-10 + (23 - 0) + (2 - 8) + -62
-55
Calculate (4 - 7) + -2 + (41 - 8 - 41).
-13
7 + 2 + (41 - 52) + (-1 - -7)
4
Calculate -25 + 38 + 1 + -8 - 7 - -80.
79
What is the value of (-90 - -31) + 15 + 196 - 47?
105
What is the value of 3 + (161 + -91 - 59 - (4 + -2 + -74))?
86
What is -1 - (0 + -2 - -24) - (-2748 + 2842)?
-117
What is -42 - (-3 - (1 - -3 - (32 - 20)))?
-47
What is the value of 0 + 3 - (0 + -33 + -3 - -42)?
-3
-85 + -59 + 43 + 21
-80
-6 + (-16 + 21 - 1) + 7 + (-2 - -43)
46
Evaluate (-144 - -93 - -6) + 68.
23
Calculate 0 - ((-6 + 0 - 1) + 1 + -4).
10
What is (20 - -15) + 44 - 84 - (0 - (105 + 0))?
100
Calculate (3 - (-14 - (-28 - -5) - -14)) + 111.
91
What is (14 - (-8 + 9)) + 11 - 18?
6
What is the value of (-3 - -21) + -52 + (-42 - -11)?
-65
Calculate 4 - ((0 - 13) + 0 - (-286 - -269)).
0
Calculate 36 - (-21 + 12 - -66).
-21
Calculate 8 + (-5 - (0 + -7) - 38) - 0.
-28
Calculate 732 - 719 - ((-4 - 2) + 48 - (-1 - -5)).
-25
What is -9 + (6 - (-38 + 0 + -8 + (25 - 18)))?
36
Calculate 1 + -5 + -2 - (-6 - 81 - (105 + -151)).
35
What is 30 + -89 + 9 + 48?
-2
Calculate -2 + 69 + ((-36 - -8) + 20 - 5).
54
-27 + 0 + -9 + -8 + 28
-16
27 - (-40 + 26 + -5)
46
Evaluate -1 + (6 - (7 - 2) - 14) - 33.
-47
Evaluate 0 + (-6 - (3 + -1 + -5)) - (54 - 132).
75
39 + (-3 - (8 + -5) - (25 - 27))
35
What is the value of (10 - (5 + -1)) + (34 - 31) - (74 - 32)?
-33
Calculate 2 - -7 - (-37 + -42 + 110).
-22
Evaluate 21 + (10 - -77) + -4 - (-6 - (2 + 1)).
113
What is 10 + 46 + -20 + 23 + -163?
-104
What is 16 - (24 - (-44 - -30))?
-22
Calculate -1 + 1 + (-4 + -31 + 19 - -93).
77
Evaluate -10 + 2 + -3 + (33 - 23) + -9.
-10
What is the value of (2 - 5 - -9) + (37 - 53) + 4 - -46?
40
What is (-2 + 28 - 1) + -1660 + 1646?
11
-40 + -3 - (-85 - (-100 - -37))
-21
What is -12 + -5 + (8 + -82 - -16 - -15)?
-60
Calculate (-24 - (-10 + -33)) + -1 + -20.
-2
Evaluate 2 + 43 - (34 + (29 - 60)) - -16.
58
14 - (-21 + 31 - -12) - 18
-26
What is (94 - 76) + 10 + -7 + -45?
-24
What is -2 + -1 - (-15 - (-45 - -58 - (1 + -51)))?
75
Calculate 9 + -11 + 0 - (-7 + 19).
-14
What is 619 + -676 + (68 - -2)?
13
Evaluate 6 + (6 - 39) + (9 - 2 - -3).
-17
Evaluate (4 - 18) + (25 - 45 - -18).
-16
Calculate -24 - ((-1 - 13) + (773 - 690)).
-93
0 - (47 + (-160 - -117) - (-15 + 1))
-18
Calculate 1 + (-87 + 83 - 72).
-75
Calculate -31 + 64 - ((10 - 23) + 31).
15
Evaluate (-46 - 35) + 87 - 56.
-50
Calculate (22 - (11 - 28) - 25) + 7 + 0 + -20.
1
Calculate (-85 - (-15 + 37)) + (-8 + 11 - -5) + -7.
-106
Evaluate -4381 - -4389 - (1 + (54 - 1)).
-46
10 - (8 + 9 - -22 - 21)
-8
What is the value of -2440 - -2381 - (-27 - 1)?
-31
What is (1 - (-32 - 0)) + (-17 - (-7 + 34 + -35))?
24
What is the value of 188 + -38 - (-84 - -110)?
124
What is 11 + (12 - (-23 - -11))?
35
What is the value of -4 - -13 - (-2694 + 2805 - (0 - -16 - -1))?
-85
What is (-155 + 200 - 18) + -82 + -1?
-56
What is the value of -14 + -32 + 16 + 43 - (19 + 4 - 2)?
-8
-17 - (2 + -24 - ((-71 - -118) + -54))
-2
What is the value of 78 + (12 - (2 - (7 + -8))) + (7 - 10)?
84
Evaluate 28 - 6 - 14 - (-50 + -8 + (3 - 7)).
70
-6 + -16 + 17 + -5 - (-22 + -4 - -1)
15
Calculate (-94 - 40) + 70 + 27.
-37
What is (-4 - 31) + (-1 + 5 - (61 - 68))?
-24
Evaluate 6 + (-2 + 15 - 13 - 5) + -13.
